1?
5, 7
Suppose 5*r - f = 18672 - 4127, -3*r + f = -8727. List the prime factors of r.
2909
Let l(o) = -243*o**2 - 3*o + 13. Let y(f) = 364*f**2 + 5*f - 20. Let t(q) = -8*l(q) - 5*y(q). What are the prime factors of t(-2)?
2, 13, 19
Suppose -46*m = -26413 - 633273. What are the prime factors of m?
14341
List the prime factors of (1/((-5)/35) - -34629) + 5.
31, 1117
Let s(t) = 440*t + 70. List the prime factors of s(9).
2, 5, 13, 31
Let w(q) = 162*q**2 - q - 9. List the prime factors of w(5).
2, 1009
Let o = 324 - 328. What are the prime factors of 932 - ((-1258)/333 + o/18)?
2, 3, 13
What are the prime factors of -8 - (18564/(-1) - (-16 + 10))?
2, 5, 7, 53
Suppose -1 + 13 = -4*n. Let z be (-10064)/(-51) + (-2)/n. Suppose 0 = 3*k - 5*l - z, -3*k + 3*l - l = -198. What are the prime factors of k?
2, 3, 11
Let i(d) = -d**3 - 21*d**2 - 141*d + 31. What are the prime factors of i(-37)?
2, 1697
Suppose 3*z - 21630 = 24789. List the prime factors of z.
15473
Suppose -264 = -10*b + 2*b. Let m = b + -33. Suppose m = -6*l + 216 + 486. What are the prime factors of l?
3, 13
Let i(p) = 26*p**3 - 3*p**2 - 12*p + 47. List the prime factors of i(6).
5483
Suppose 5*d = 4*l - 0*l + 21995, 5*d - 22025 = -2*l. What are the prime factors of d?
7, 17, 37
Let j(t) = -87*t - 6. Let h be j(-18). Suppose -a + h = 4*d, d + a = 401 - 11. List the prime factors of d.
2, 3, 5, 13
Let g be (-286)/(-18) + 2/(144/8). Let l(z) = -z**3 + 23*z**2 - 25*z + 83. What are the prime factors of l(g)?
5, 59
Let f(a) = -9*a + 10. Let k be f(-3). Let h = k - 36. List the prime factors of (h - 106/(-14))/((-5)/(-70)).
2, 3, 5
Let l(n) = -392*n - 1452. What are the prime factors of l(-24)?
2, 3, 13, 17
List the prime factors of (-4)/(1 + -3) - 24903*(-3)/3.
5, 17, 293
Let g = -79 - 12. Let n = 81 + g. List the prime factors of (n/(-6))/((-18)/(-1242)).
5, 23
Let t be 41 - 30 - -1*3. Let f(w) = 21*w + 76. List the prime factors of f(t).
2, 5, 37
Let b be 1/(-2) + (-238)/4. Let v(a) = 70*a**2 + 3*a. Let q be v(1). Let p = q + b. What are the prime factors of p?
13
Let f(b) = 149*b - 9. Let c be f(-5). Let k = -501 - c. List the prime factors of (10 - 1)*k/33.
3, 23
Let r = 33 - 33. Let s(n) = n**2 - 2*n + 57. Let j be s(r). Let m = j - 15. List the prime factors of m.
2, 3, 7
Let q = -590 + 1153. Let a = q + 705. What are the prime factors of a?
2, 317
Let l = 395 - 265. Suppose -l*v = -140*v + 10700. What are the prime factors of v?
2, 5, 107
Suppose 0 = -9*m - 5574 - 8682. Let x = m + 2251. What are the prime factors of x?
23, 29
Let f be (9*2/4)/(7/(-14)). What are the prime factors of 1259 - (29 + f)/(-10)?
13, 97
Let q(a) = -4*a + 3. Suppose -9*m + 6*m = -39. Let x be q(m). Let w = -20 - x. What are the prime factors of w?
29
Suppose l + 2*l + 18 = 3*z, -z = -3. List the prime factors of 1162*(-8)/12*l/4.
7, 83
Suppose z + t - 8 = -2*z, 4*t = -4*z + 8. Suppose -z*v = -506 - 184. What are the prime factors of v?
2, 5, 23
Suppose -3*r - 1 = 4*n - 2*r, 2*r = 3*n - 2. Suppose -2*p - 5*k + 2 + 4 = n, 3 = p + 5*k. List the prime factors of 0 - (-6)/(-9) - (-119)/p.
3, 13
Let z(i) = 285*i**2 - 25*i + 23. List the prime factors of z(8).
3, 223
Let q(x) = -5729*x + 1273. List the prime factors of q(-2).
29, 439
Let j be (-714)/(-28) + (-1)/(-2). Suppose -j*h + 29*h = 1083. What are the prime factors of h?
19
Let d(g) = 700*g**2 - 166*g + 833. What are the prime factors of d(5)?
23, 761
Let c(p) = 26 + 0*p + 3*p + 4 - 11. Let r be c(-21). Let i = 40 - r. What are the prime factors of i?
2, 3, 7
List the prime factors of (-1)/(-3)*-1*-1447*(-2 + 8).
2, 1447
Suppose 32930 = 4*w + 2*b - 2856, -5*w + 44750 = -b. List the prime factors of w.
3, 19, 157
Let v(h) = -125*h - 36. Let b be v(-3). Let x = b + -196. List the prime factors of x.
11, 13
Suppose 4*z - 5*j = 8*z - 9, 5*j + 33 = 3*z. Suppose -z*f + 736 = -6950. What are the prime factors of f?
3, 7, 61
Let i be (-10)/5 + 3719 + 6. Suppose 9*w - i = 3549. What are the prime factors of w?
2, 101
Let i = 129 - 127. Suppose -i*g = -3*v + 6, 5*g - 6 = -3*v - 0*g. What are the prime factors of v + (-212)/(-15) - 2/15?
2
Let i(m) = 42*m**2 - m + 14. Let w be i(3). Suppose -742 = -5*x + 2*p, p = -4*x + 202 + w. What are the prime factors of x?
2, 37
Suppose -4*y + 5*u + 6 = 0, -9 - 17 = -4*y - 5*u. Suppose 428 + 1482 = 2*l - 3*i, -3826 = -y*l + 3*i. What are the prime factors of l?
2, 479
What are the prime factors of (-6755448)/(-476) - 6/51?
2, 887
Let m = 40229 - 6949. What are the prime factors of m?
2, 5, 13
Suppose h = 4*i - 29027, 2*h + 6 = 8. What are the prime factors of i?
3, 41, 59
Let g(n) = n**3 + 69*n**2 + 454*n + 450. List the prime factors of g(-45).
2, 3, 5, 53
Let n(j) = -4*j + 26. Let m be n(8). Let y be 3 + m + 3 + 39/3. Let v = y - -93. List the prime factors of v.
2, 53
Suppose 0 = -3*l + 5 + 4. Suppose l*r = 2*r - 2*u + 497, -996 = -2*r - 5*u. Suppose 2*b - 511 = 2*m - 5*m, 2*b - 3*m - r = 0. List the prime factors of b.
251
Suppose -17*z - 8694 = -3*z. Let b = 1042 + z. What are the prime factors of b?
421
Suppose 5*o - 794*f + 799*f - 13605 = 0, -8 = -4*f. List the prime factors of o.
2719
Suppose 749*v = 711*v + 190. Suppose 2*f = 2*n + 186, -3*n - 2*n + 381 = 4*f. Suppose -2*a - 3*r = -f, v*r - 3*r + 273 = 5*a. What are the prime factors of a?
53
Suppose -5*p + 5883 = -d - 7194, d - 2619 = -p. Let c(v) = v**2 + 67*v + 66. Let t be c(-66). Suppose t = 11*j + 185 - p. List the prime factors of j.
13, 17
Suppose 0 = -545*c + 549*c + 40. List the prime factors of 2/(-4)*18940/c.
947
What are the prime factors of 210*465/(120/8)?
2, 3, 5, 7, 31
Let u be 2/7 - -4*(-6)/(-14). Suppose 195 = -d - u*d. Let p = d + 160. List the prime factors of p.
5, 19
Suppose j = 4*s + 16228 + 15350, 2*j - 63138 = 2*s. List the prime factors of j.
2, 3, 5261
Let r = 16126 - 11496. List the prime factors of r.
2, 5, 463
List the prime factors of 530 - ((-5 - (-2 + 0)) + 6).
17, 31
Let y be 2/(-10)*-1 + 220/25. Suppose y*m - m = 32. List the prime factors of 1*(101 - (8 - m)).
97
Suppose 4*a - 712 = -2*c, -1472 = -12*c + 8*c + 4*a. What are the prime factors of -3 + 5/(-1 - (-368)/c)?
2, 113
Let f(p) = -8*p**3 - 6*p**2 - p - 15. Let o be f(5). Let r = 388 - o. What are the prime factors of r?
2, 19, 41
Let d = -9281 + 12937. What are the prime factors of d?
2, 457
Let a be (-22)/(-12) - 5/(-30). Let w(i) = -i - 7 - 5*i + a - 5. What are the prime factors of w(-12)?
2, 31
What are the prime factors of 2945646/2030 + 4/(-70)?
1451
What are the prime factors of 18/(-27) - 734965/(-15) - (-1 + 6)?
2, 1531
Let y(w) = 9*w + 21. Let g be y(-2). Suppose 0 = 2*j + 4*d - 100, -95 = -g*j + 4*d + d. What are the prime factors of j?
2, 5
Let f(v) be the second derivative of -v**3 - 21*v. Let k be f(-1). List the prime factors of (k/(-15))/(2/(-50)).
2, 5
Let u(l) = -l**2 - 13*l - 25. Let x be u(-10). Suppose -x*c - i + 64 + 154 = 0, 4*c + 4*i = 184. List the prime factors of c.
43
Suppose 66*h - 250674 = 40*h - 39450. What are the prime factors of h?
2, 3, 677
Let z = -32 + 62. What are the prime factors of (-5)/z - 1303/(-6)?
7, 31
Suppose -1168 = -12*o + 4*o. Let t = o + -108. Suppose -3*l + 247 = -t. List the prime factors of l.
5, 19
List the prime factors of 72/(-4)*14716/(-52).
2, 3, 283
Suppose 690*v - 696*v = -7842. Suppose 0 = -7*k - v + 4233. List the prime factors of k.
2, 11, 19
Suppose -223*u = -209*u - 49210. What are the prime factors of u?
5, 19, 37
Let q = -525 + 530. Suppose 0 = -4*p - 4*r + 1804, -p = -q*r - 281 - 152. What are the prime factors of p?
2, 7
Let p(o) be the second derivative of 17*o**4/12 - o**2/2 - o. Suppose 67*b - 79*b - 24 = 0. What are the prime factors of p(b)?
67
Let d(v) = 551*v**2 - 3*v + 103. List the prime factors of d(-5).
3, 11, 421
Suppose 0 = -v + 5*c + 19443, 70*v + 38956 = 72*v + 4*c. What are the prime factors of v?
2, 31, 157
Suppose -219*f = -251*f + 403456. List the prime factors of f.
2, 197
Suppose -15*z - 11 = 4. List the prime factors of (z - -2)/(-2)*-2*491.
491
Suppose 3*c = -2*z + 980 + 14162, 2*z = 5*c + 15110. What are the prime factors of z?
5, 17, 89
Suppose 0*j + 56 = 14*j. Suppose -o + l - 5*l = -596, -j*l = -2*o + 1132. Suppose -n = -4*x + 3*n + o, -4*x + 585 = -n. What are the prime factors o